usands digit of 30739?
3
What is the thousands digit of 1200?
1
What is the units digit of 27618?
8
What is the thousands digit of 3142?
3
What is the tens digit of 2873?
7
What is the tens digit of 25435?
3
What is the thousands digit of 17801?
7
What is the tens digit of 961?
6
What is the tens digit of 7884?
8
What is the thousands digit of 1892?
1
What is the units digit of 955?
5
What is the units digit of 556?
6
What is the units digit of 80274?
4
What is the hundreds digit of 1067?
0
What is the units digit of 1029?
9
What is the hundred thousands digit of 152407?
1
What is the tens digit of 5151?
5
What is the units digit of 54841?
1
What is the tens digit of 14391?
9
What is the tens digit of 14914?
1
What is the tens digit of 13118?
1
What is the tens digit of 353?
5
What is the thousands digit of 42400?
2
What is the units digit of 2120?
0
What is the units digit of 6004?
4
What is the units digit of 2797?
7
What is the ten thousands digit of 87145?
8
What is the hundreds digit of 76874?
8
What is the tens digit of 471?
7
What is the tens digit of 564?
6
What is the tens digit of 21552?
5
What is the thousands digit of 1793?
1
What is the hundreds digit of 6884?
8
What is the thousands digit of 4959?
4
What is the thousands digit of 32611?
2
What is the hundreds digit of 50752?
7
What is the thousands digit of 2893?
2
What is the units digit of 43992?
2
What is the hundreds digit of 1136?
1
What is the units digit of 12139?
9
What is the tens digit of 46305?
0
What is the units digit of 38274?
4
What is the tens digit of 41013?
1
What is the hundreds digit of 74087?
0
What is the thousands digit of 4755?
4
What is the units digit of 43392?
2
What is the tens digit of 865?
6
What is the ten thousands digit of 30571?
3
What is the units digit of 7779?
9
What is the hundred thousands digit of 152652?
1
What is the thousands digit of 1310?
1
What is the tens digit of 6093?
9
What is the units digit of 1159?
9
What is the hundreds digit of 399?
3
What is the tens digit of 573?
7
What is the thousands digit of 86314?
6
What is the units digit of 4?
4
What is the hundreds digit of 201?
2
What is the tens digit of 834?
3
What is the thousands digit of 1683?
1
What is the units digit of 25?
5
What is the tens digit of 26438?
3
What is the tens digit of 30573?
7
What is the ten thousands digit of 51586?
5
What is the units digit of 2958?
8
What is the hundreds digit of 24473?
4
What is the ten thousands digit of 94972?
9
What is the tens digit of 312?
1
What is the units digit of 11088?
8
What is the hundreds digit of 45980?
9
What is the units digit of 15380?
0
What is the hundreds digit of 4020?
0
What is the units digit of 22949?
9
What is the tens digit of 16208?
0
What is the units digit of 868?
8
What is the hundred thousands digit of 183695?
1
What is the tens digit of 566?
6
What is the thousands digit of 9392?
9
What is the ten thousands digit of 157877?
5
What is the units digit of 32333?
3
What is the hundreds digit of 853?
8
What is the hundreds digit of 13420?
4
What is the hundreds digit of 1623?
6
What is the thousands digit of 2281?
2
What is the hundreds digit of 81329?
3
What is the tens digit of 200?
0
What is the ten thousands digit of 26894?
2
What is the thousands digit of 135443?
5
What is the thousands digit of 3405?
3
What is the hundred thousands digit of 130004?
1
What is the thousands digit of 8449?
8
What is the thousands digit of 3655?
3
What is the thousands digit of 6281?
6
What is the thousands digit of 6330?
6
What is the ten thousands digit of 13757?
1
What is the hundreds digit of 1114?
1
What is the units digit of 14862?
2
What is the tens digit of 23841?
4
What is the ten thousands digit of 43026?
4
What is the tens digit of 601?
0
What is the thousands digit of 8895?
8
What is the ten thousands digit of 14085?
1
What is the hundreds digit of 1207?
2
What is the hundreds digit of 1412?
4
What is the thousands digit of 1964?
1
What is the hundreds digit of 1109?
1
What is the ten thousands digit of 19352?
1
What is the tens digit of 4495?
9
What is the hundreds digit of 19803?
8
What is the units digit of 2941?
1
What is the ten thousands digit of 33415?
3
What is the thousands digit of 3565?
3
What is the hundreds digit of 952?
9
What is the hundreds digit of 935?
9
What is the hundreds digit of 1157?
1
What is the tens digit of 104468?
6
What is the tens digit of 941?
4
What is the ten thousands digit of 92127?
9
What is the hundreds digit of 313?
3
What is the tens digit of 5326?
2
What is the thousands digit of 131260?
1
What is the hundreds digit of 1362?
3
What is the tens digit of 19600?
0
What is the units digit of 1998?
8
What is the hundreds digit of 1036?
0
What is the tens digit of 1153?
5
What is the units digit of 4094?
4
What is the thousands digit of 5914?
5
What is the ten thousands digit of 63437?
6
What is the hundreds digit of 655?
6
What is the units digit of 1582?
2
What is the thousands digit of 3417?
3
What is the ten thousands digit of 32682?
3
What is the hundreds digit of 739?
7
What is the ten thousands digit of 108988?
0
What is the tens digit of 6125?
2
What is the hundreds digit of 35201?
2
What is the tens digit of 527?
2
What is the tens digit of 71?
7
What is the units digit of 19577?
7
What is the ten thousands digit of 90782?
9
What is the hundreds digit of 314?
3
What is the tens digit of 5475?
7
What is the tens digit of 4051?
5
What is the tens digit of 1278?
7
What is the units digit of 933?
3
What is the units digit of 38806?
6
What is the tens digit of 447?
4
What is the hundreds digit of 1007?
0
What is the tens digit of 52107?
0
What is the hundreds digit of 78533?
5
What is the hundreds digit of 22174?
1
What is the units digit of 19847?
7
What is the units digit of 2970?
0
What is the hundreds digit of 3871?
8
What is the thousands digit of 2022?
2
What is the ten thousands digit of 47161?
4
What is the hundreds digit of 1424?
4
What is the hundreds digit of 2944?
9
What is the hundreds digit of 33667?
6
What is the units digit of 43870?
0
What is the tens digit of 25333?
3
What is the hundreds digit of 23276?
2
What is the ten thousands digit of 21643?
2
What is the tens digit of 4315?
1
What is the thousands digit of 8463?
8
What is the thousands digit of 8891?
8
What is the ten thousands digit of 87012?
8
What is the thousands digit of 1239?
1
What is the units digit of 17992?
2
What is the units digit of 15350?
0
What is the hundreds digit of 1849?
8
What is the thousands digit of 5806?
5
What is the hundreds digit of 4322?
3
What is the hundreds digit of 15814?
8
What is the units digit of 1945?
5
What is the units digit of 1048?
8
What is the thousands digit of 16326?
6
What is the tens digit of 34834?
3
What is the ten thousands digit of 85087?
8
What is the units digit of 69510?
0
What is the hundreds digit of 7717?
7
What is the units digit of 9101?
1
What is the units digit of 887?
7
What is the units digit of 788?
8
What is the units digit of 7069?
9
What is the hundreds digit of 1378?
3
What is the units digit of 868?
8
What is the tens digit of 321?
2
What is the thousands digit of 6696?
6
What is the tens digit of 298?
9
What is the hundreds digit of 1628?
6
What is the units digit of 1827?
7
What is the thousands digit of 20668?
0
What is the tens digit of 21051?
5
What is the ten thousands digit of 29856?
2
What is the units digit of 149?
9
What is the tens digit of 14856?
5
What is the units digit of 612?
2
What is the thousands digit of 6826?
6
What is the thousands digit of 21398?
1
What is the hundreds digit of 1003?
0
What is the ten thousands digit of 39968?
3
What is the units digit of 1525?
5
What is the hundreds digit of 1740?
7
What is the units digit of 3558?
8
What is the tens digit of 4145?
4
What is the thousands digit of 83896?
3
What is the thousands digit of 23961?
3
What is the hundreds digit of 795?
7
What is the thousands digit of 3243?
3
What is the ten thousands digit of 31176?
3
What is the tens digit of 73066?
6
What is the ten thousands digit of 41854?
4
What is the tens digit of 87?
8
What is the thousands digit of 45500?
5
What is the hundreds digit of 40841?
8
What is the hundreds digit of 38013?
0
What is the un